{"id":2,"date":"2019-10-31T10:00:58","date_gmt":"2019-10-31T10:00:58","guid":{"rendered":"https:\/\/janssenjessen.de\/?page_id=2"},"modified":"2025-08-13T08:22:07","modified_gmt":"2025-08-13T08:22:07","slug":"service","status":"publish","type":"page","link":"https:\/\/janssenjessen.de\/index.php\/service\/","title":{"rendered":"Service"},"content":{"rendered":"<h1>\n<p>Dokumente &amp;\u00a0<\/p>\n<p>Informationen<\/p>\n<\/h1>\n<h1>Dokumente &amp; Vorlagen<\/h1>\n<ul>\n<li>\n<p><a href=\"\/wp-content\/uploads\/2024\/04\/st37524253451_de.xlsm\"><\/p>\n<p>Personalfragebogen &#8211; Excelvorlage &#8211; digital ausf\u00fcllbar<\/p>\n<p><\/a><\/p>\n<\/li>\n<li>\n<p><a href=\"\/wp-content\/uploads\/2024\/04\/st37524260363_de.xlsm\"><\/p>\n<p>Personalfragebogen f\u00fcr Auszubildende &#8211; Excelvorlage<\/p>\n<p><\/a><\/p>\n<\/li>\n<li>\n<p><a href=\"\/wp-content\/uploads\/2024\/04\/st37524255755_de.xlsm\"><\/p>\n<p>Personalfragebogen bei Minijob &#8211; Excelvorlage &#8211; digital ausf\u00fcllbar<\/p>\n<p><\/a><\/p>\n<\/li>\n<\/ul>\n<ul>\n<li>\n<p><a href=\"\/wp-content\/uploads\/2020\/02\/Vorlage-Arbeitszeitaufzeichnung.xls\"><\/p>\n<p>Arbeitszeitdokumentation &#8211; Excelvorlage<\/p>\n<p><\/a><\/p>\n<\/li>\n<li>\n<p><a href=\"\/wp-content\/uploads\/2019\/11\/Befreiungsantrag_RV_Pflicht.pdf\"><\/p>\n<p>Befreiungsantrag zur Rentenversicherungspflicht &#8211; PDF-Vorlage<\/p>\n<p><\/a><\/p>\n<\/li>\n<li>\n<p><a href=\"\/wp-content\/uploads\/2020\/11\/Checkliste-Unterlagen-ESt-Erkl%C3%A4rung-1.pdf\"><\/p>\n<p>Checkliste Steuererkl\u00e4rungen &#8211; PDF-Vorlage<\/p>\n<p><\/a><\/p>\n<\/li>\n<li>\n<p><a href=\"\/wp-content\/uploads\/2019\/11\/Checkliste-zur-Rechnungspr%C3%BCfung.pdf\"><\/p>\n<p>Checkliste zur Rechnungspr\u00fcfung &#8211; PDF-Vorlage<\/p>\n<p><\/a><\/p>\n<\/li>\n<\/ul>\n<div>\n<p>Die Personalfrageb\u00f6gen stellen keinen Ersatz f\u00fcr notwendige Hinweis-, Aufkl\u00e4rungs-, Informations- und Dokumentationspflichten vom Arbeitgeber gegen\u00fcber dem jeweiligen Arbeitnehmer dar. Individuelle Betriebsvereinbarungen werden nicht ber\u00fccksichtigt<\/p>\n<\/div>\n<h1>News<\/h1>\n<h1><strong>Aktuelles<\/strong><\/h1>\n<div>\n<p><strong>&#8222;Das Wichtigste aus dem Steuerrecht&#8220;<\/strong><span>\u00a0der letzten sechs Monate im pdf-Format zum Lesen, Ausdrucken und\/oder Download!<\/span><\/p>\n<\/div>\n<ul>\n<li>\n<p><a href=\"https:\/\/100765.mainfo.net\/DW\/2025\/202508\/DW202508.pdf\"><\/p>\n<p>August 2025<\/p>\n<p><\/a><\/p>\n<\/li>\n<li>\n<p><a href=\"\/wp-content\/uploads\/2025\/08\/2025.07.pdf\"><\/p>\n<p>Juli 2025<\/p>\n<p><\/a><\/p>\n<\/li>\n<li>\n<p><a href=\"\/wp-content\/uploads\/2025\/08\/2025.06.pdf\"><\/p>\n<p>Juni 2025<\/p>\n<p><\/a><\/p>\n<\/li>\n<li>\n<p><a href=\"\/wp-content\/uploads\/2025\/08\/2025.05.pdf\"><\/p>\n<p>Mai 2025<\/p>\n<p><\/a><\/p>\n<\/li>\n<li>\n<p><a href=\"\/wp-content\/uploads\/2025\/08\/2025.04.pdf\"><\/p>\n<p>April 2025<\/p>\n<p><\/a><\/p>\n<\/li>\n<li>\n<p><a href=\"https:\/\/100765.mainfo.net\/DW\/2025\/202503\/DW202503.pdf\"><\/p>\n<p>M\u00e4rz 2025<\/p>\n<p><\/a><\/p>\n<\/li>\n<\/ul>\n<h1>Trialog TV<\/h1>\n<div>\n<div id=\"mym-insert-here-65921\"><\/div>\n<p><script src=\"https:\/\/www.datev-mymarketing.de\/onlineMedia\/code.js?ids=65921\"><\/script><\/div>\n<h1>Aktuelle Nachrichten aus dem Steuerrecht<\/h1>\n<div>\n<p><iframe loading=\"lazy\" src=\"https:\/\/steuerberater-verband.de\/meldungen-iframe\/\" width=\"1200\" height=\"350\"><\/iframe><\/p>\n<\/div>\n<p><!--more--><br \/>\n<!-- {\"name\":\"Ansprechpartner\",\"type\":\"layout\",\"children\":[{\"type\":\"section\",\"props\":{\"height\":\"percent\",\"image\":\"wp-content\\\/uploads\\\/2019\\\/11\\\/JBJStb025-min.jpg\",\"image_position\":\"center-center\",\"image_size\":\"cover\",\"media_overlay\":\"rgba(19, 18, 18, 0.3)\",\"overlap\":false,\"preserve_color\":false,\"style\":\"secondary\",\"title_breakpoint\":\"xl\",\"title_position\":\"top-left\",\"title_rotation\":\"left\",\"vertical_align\":\"middle\",\"width\":\"default\"},\"children\":[{\"type\":\"row\",\"props\":{\"layout\":\"2-3,1-3\"},\"children\":[{\"type\":\"column\",\"props\":{\"css\":\".el-column {\\n\\tz-index: 10;\\n}\",\"image_position\":\"center-center\",\"position_sticky_breakpoint\":\"m\",\"width_medium\":\"2-3\"},\"children\":[{\"type\":\"headline\",\"props\":{\"content\":\"\n\n<p>Dokumente &amp;\\u00a0<\\\/p>\\n\n\n<p>Informationen<\\\/p>\",\"css\":\".el-element p {\\n\\tbackground: rgba(14,14,14,.8);\\n    display: inline-block;\\n    margin-top: 0;\\n}\",\"title_element\":\"h1\",\"title_font_family\":\"tertiary\",\"title_style\":\"heading-xlarge\"}}]},{\"type\":\"column\",\"props\":{\"image_position\":\"center-center\",\"image_size\":\"cover\",\"padding\":\"none\",\"position_sticky_breakpoint\":\"m\",\"width_medium\":\"1-3\"}}]}]},{\"type\":\"section\",\"props\":{\"animation\":\"fade\",\"image_position\":\"center-center\",\"style\":\"default\",\"title_breakpoint\":\"xl\",\"title_position\":\"top-left\",\"title_rotation\":\"left\",\"vertical_align\":\"middle\",\"width\":\"default\"},\"children\":[{\"type\":\"row\",\"children\":[{\"type\":\"column\",\"props\":{\"image_position\":\"center-center\",\"position_sticky_breakpoint\":\"m\",\"width_medium\":\"1-1\"},\"children\":[{\"type\":\"headline\",\"props\":{\"content\":\"Dokumente &amp; Vorlagen\",\"margin\":\"large\",\"text_align\":\"center\",\"title_element\":\"h1\"}}]}]},{\"type\":\"row\",\"props\":{\"layout\":\"1-2,1-2\"},\"children\":[{\"type\":\"column\",\"props\":{\"image_position\":\"center-center\",\"position_sticky_breakpoint\":\"m\",\"width_medium\":\"1-2\"},\"children\":[{\"type\":\"list\",\"props\":{\"column_breakpoint\":\"m\",\"image_align\":\"left\",\"image_svg_color\":\"emphasis\",\"image_vertical_align\":false,\"list_element\":\"ul\",\"list_horizontal_separator\":\", \",\"list_type\":\"vertical\",\"show_image\":true,\"show_link\":true},\"children\":[{\"type\":\"list_item\",\"props\":{\"content\":\"\n\n<p>Personalfragebogen - Excelvorlage - digital ausf\\u00fcllbar<\\\/p>\",\"icon\":\"file-text\",\"link\":\"wp-content\\\/uploads\\\/2024\\\/04\\\/st37524253451_de.xlsm\",\"link_target\":true}},{\"type\":\"list_item\",\"props\":{\"content\":\"\n\n<p>Personalfragebogen f\\u00fcr Auszubildende - Excelvorlage<\\\/p>\",\"icon\":\"file-text\",\"link\":\"wp-content\\\/uploads\\\/2024\\\/04\\\/st37524260363_de.xlsm\",\"link_target\":true}},{\"type\":\"list_item\",\"props\":{\"content\":\"\n\n<p>Personalfragebogen bei Minijob - Excelvorlage - digital ausf\\u00fcllbar<\\\/p>\",\"icon\":\"file-text\",\"link\":\"wp-content\\\/uploads\\\/2024\\\/04\\\/st37524255755_de.xlsm\",\"link_target\":true}}]}]},{\"type\":\"column\",\"props\":{\"image_position\":\"center-center\",\"position_sticky_breakpoint\":\"m\",\"width_medium\":\"1-2\"},\"children\":[{\"type\":\"list\",\"props\":{\"column_breakpoint\":\"m\",\"image_align\":\"left\",\"image_svg_color\":\"emphasis\",\"image_vertical_align\":false,\"list_element\":\"ul\",\"list_horizontal_separator\":\", \",\"list_type\":\"vertical\",\"show_image\":true,\"show_link\":true},\"children\":[{\"type\":\"list_item\",\"props\":{\"content\":\"\n\n<p>Arbeitszeitdokumentation - Excelvorlage<\\\/p>\",\"icon\":\"clock\",\"link\":\"wp-content\\\/uploads\\\/2020\\\/02\\\/Vorlage-Arbeitszeitaufzeichnung.xls\",\"link_target\":true}},{\"type\":\"list_item\",\"props\":{\"content\":\"\n\n<p>Befreiungsantrag zur Rentenversicherungspflicht - PDF-Vorlage<\\\/p>\",\"icon\":\"file-pdf\",\"link\":\"wp-content\\\/uploads\\\/2019\\\/11\\\/Befreiungsantrag_RV_Pflicht.pdf\",\"link_target\":true}},{\"type\":\"list_item\",\"props\":{\"content\":\"\n\n<p>Checkliste Steuererkl\\u00e4rungen - PDF-Vorlage<\\\/p>\",\"icon\":\"file-pdf\",\"link\":\"wp-content\\\/uploads\\\/2020\\\/11\\\/Checkliste-Unterlagen-ESt-Erkl\\u00e4rung-1.pdf\",\"link_target\":true}},{\"type\":\"list_item\",\"props\":{\"content\":\"\n\n<p>Checkliste zur Rechnungspr\\u00fcfung - PDF-Vorlage<\\\/p>\",\"icon\":\"file-pdf\",\"link\":\"wp-content\\\/uploads\\\/2019\\\/11\\\/Checkliste-zur-Rechnungspr\\u00fcfung.pdf\",\"link_target\":true}}]}]}]},{\"type\":\"row\",\"children\":[{\"type\":\"column\",\"props\":{\"image_position\":\"center-center\",\"position_sticky_breakpoint\":\"m\",\"width_medium\":\"1-1\"},\"children\":[{\"type\":\"text\",\"props\":{\"column_breakpoint\":\"m\",\"content\":\"\n\n<p>Die Personalfrageb\\u00f6gen stellen keinen Ersatz f\\u00fcr notwendige Hinweis-, Aufkl\\u00e4rungs-, Informations- und Dokumentationspflichten vom Arbeitgeber gegen\\u00fcber dem jeweiligen Arbeitnehmer dar. Individuelle Betriebsvereinbarungen werden nicht ber\\u00fccksichtigt<\\\/p>\",\"margin\":\"default\",\"text_style\":\"meta\"}}]}]},{\"type\":\"row\",\"children\":[{\"type\":\"column\",\"props\":{\"image_position\":\"center-center\",\"position_sticky_breakpoint\":\"m\",\"width_medium\":\"1-1\"},\"children\":[{\"type\":\"headline\",\"props\":{\"content\":\"News\",\"margin\":\"large\",\"text_align\":\"center\",\"title_element\":\"h1\"}},{\"type\":\"text\",\"props\":{\"column_breakpoint\":\"m\",\"content\":\"\n\n<p><iframe style=\\\"width: 100%;\\\" src=\\\"https:\\\/\\\/100765.mainfo.net\\\/service.html\\\" scrolling=\\\"no\\\" frameborder=\\\"0\\\" class=\\\"iframenews\\\"><\\\/iframe><br \\\/><script type=\\\"text\\\/javascript\\\" src=\\\"https:\\\/\\\/100765.mainfo.net\\\/iframeResizer.min.js\\\"><\\\/script> <script type=\\\"text\\\/javascript\\\">\\n\\niFrameResize();\\n\\n<\\\/script><\\\/p>\",\"margin\":\"default\",\"status\":\"disabled\",\"text_align\":\"center\"}},{\"type\":\"headline\",\"props\":{\"content\":\"<strong>Aktuelles<\\\/strong>\",\"text_align\":\"center\",\"title_color\":\"primary\",\"title_element\":\"h1\",\"title_style\":\"h1\"}},{\"type\":\"text\",\"props\":{\"block_align\":\"center\",\"column_breakpoint\":\"m\",\"content\":\"\n\n<p><strong>\\\"Das Wichtigste aus dem Steuerrecht\\\"<\\\/strong><span>\\u00a0der letzten sechs Monate im pdf-Format zum Lesen, Ausdrucken und\\\/oder Download!<\\\/span><\\\/p>\",\"margin\":\"default\",\"maxwidth\":\"xlarge\",\"text_align\":\"center\",\"text_style\":\"lead\"}},{\"type\":\"list\",\"props\":{\"column_breakpoint\":\"m\",\"content_style\":\"h4\",\"image_align\":\"left\",\"image_svg_color\":\"emphasis\",\"image_vertical_align\":false,\"list_element\":\"ul\",\"list_horizontal_separator\":\", \",\"list_size\":\"collapse\",\"list_type\":\"vertical\",\"show_image\":true,\"show_link\":true,\"text_align\":\"center\"},\"children\":[{\"type\":\"list_item\",\"props\":{\"content\":\"\n\n<p>August 2025<\\\/p>\",\"icon\":\"\",\"link\":\"https:\\\/\\\/100765.mainfo.net\\\/DW\\\/2025\\\/202508\\\/DW202508.pdf\",\"link_target\":true}},{\"type\":\"list_item\",\"props\":{\"content\":\"\n\n<p>Juli 2025<\\\/p>\",\"icon\":\"\",\"link\":\"wp-content\\\/uploads\\\/2025\\\/08\\\/2025.07.pdf\",\"link_target\":true}},{\"type\":\"list_item\",\"props\":{\"content\":\"\n\n<p>Juni 2025<\\\/p>\",\"icon\":\"\",\"link\":\"wp-content\\\/uploads\\\/2025\\\/08\\\/2025.06.pdf\",\"link_target\":true}},{\"type\":\"list_item\",\"props\":{\"content\":\"\n\n<p>Mai 2025<\\\/p>\",\"icon\":\"\",\"link\":\"wp-content\\\/uploads\\\/2025\\\/08\\\/2025.05.pdf\",\"link_target\":true}},{\"type\":\"list_item\",\"props\":{\"content\":\"\n\n<p>April 2025<\\\/p>\",\"icon\":\"\",\"link\":\"wp-content\\\/uploads\\\/2025\\\/08\\\/2025.04.pdf\",\"link_target\":true}},{\"type\":\"list_item\",\"props\":{\"content\":\"\n\n<p>M\\u00e4rz 2025<\\\/p>\",\"icon\":\"\",\"link\":\"https:\\\/\\\/100765.mainfo.net\\\/DW\\\/2025\\\/202503\\\/DW202503.pdf\",\"link_target\":true}}]}]}]},{\"type\":\"row\",\"children\":[{\"type\":\"column\",\"props\":{\"image_position\":\"center-center\",\"position_sticky_breakpoint\":\"m\",\"style\":\"tile-default\",\"width_medium\":\"1-1\"},\"children\":[{\"type\":\"headline\",\"props\":{\"content\":\"Trialog TV\",\"margin\":\"large\",\"text_align\":\"center\",\"title_element\":\"h1\"}},{\"type\":\"text\",\"props\":{\"column_breakpoint\":\"m\",\"content\":\"\n\n<div id=\\\"mym-insert-here-65921\\\"><\\\/div>\\n<script src=\\\"https:\\\/\\\/www.datev-mymarketing.de\\\/onlineMedia\\\/code.js?ids=65921\\\"><\\\/script>\",\"margin\":\"default\",\"text_align\":\"center\"}}]}]},{\"type\":\"row\",\"children\":[{\"type\":\"column\",\"props\":{\"image_position\":\"center-center\",\"position_sticky_breakpoint\":\"m\",\"width_medium\":\"1-1\"},\"children\":[{\"type\":\"headline\",\"props\":{\"content\":\"Aktuelle Nachrichten aus dem Steuerrecht\",\"margin\":\"large\",\"text_align\":\"center\",\"title_element\":\"h1\"}},{\"type\":\"text\",\"props\":{\"column_breakpoint\":\"m\",\"content\":\"\n\n<p><iframe src=\\\"https:\\\/\\\/steuerberater-verband.de\\\/meldungen-iframe\\\/\\\" width=\\\"1200\\\" height=\\\"350\\\"><\\\/iframe><\\\/p>\",\"margin\":\"default\",\"text_align\":\"center\"}}]}]}]}],\"version\":\"4.2.6\"} --><\/p>\n","protected":false},"excerpt":{"rendered":"<p>Dokumente &amp;\u00a0 Informationen Dokumente &amp; Vorlagen Personalfragebogen &#8211; Excelvorlage &#8211; digital ausf\u00fcllbar Personalfragebogen f\u00fcr Auszubildende &#8211; Excelvorlage Personalfragebogen bei Minijob &#8211; Excelvorlage &#8211; digital ausf\u00fcllbar Arbeitszeitdokumentation &#8211; Excelvorlage Befreiungsantrag zur Rentenversicherungspflicht &#8211; PDF-Vorlage Checkliste Steuererkl\u00e4rungen &#8211; PDF-Vorlage Checkliste zur Rechnungspr\u00fcfung &#8211; PDF-Vorlage Die Personalfrageb\u00f6gen stellen keinen Ersatz f\u00fcr notwendige Hinweis-, Aufkl\u00e4rungs-, Informations- und Dokumentationspflichten vom [&hellip;]<\/p>\n","protected":false},"author":1,"featured_media":0,"parent":0,"menu_order":0,"comment_status":"closed","ping_status":"open","template":"","meta":{"footnotes":""},"class_list":["post-2","page","type-page","status-publish","hentry"],"_links":{"self":[{"href":"https:\/\/janssenjessen.de\/index.php\/wp-json\/wp\/v2\/pages\/2","targetHints":{"allow":["GET"]}}],"collection":[{"href":"https:\/\/janssenjessen.de\/index.php\/wp-json\/wp\/v2\/pages"}],"about":[{"href":"https:\/\/janssenjessen.de\/index.php\/wp-json\/wp\/v2\/types\/page"}],"author":[{"embeddable":true,"href":"https:\/\/janssenjessen.de\/index.php\/wp-json\/wp\/v2\/users\/1"}],"replies":[{"embeddable":true,"href":"https:\/\/janssenjessen.de\/index.php\/wp-json\/wp\/v2\/comments?post=2"}],"version-history":[{"count":72,"href":"https:\/\/janssenjessen.de\/index.php\/wp-json\/wp\/v2\/pages\/2\/revisions"}],"predecessor-version":[{"id":1028,"href":"https:\/\/janssenjessen.de\/index.php\/wp-json\/wp\/v2\/pages\/2\/revisions\/1028"}],"wp:attachment":[{"href":"https:\/\/janssenjessen.de\/index.php\/wp-json\/wp\/v2\/media?parent=2"}],"curies":[{"name":"wp","href":"https:\/\/api.w.org\/{rel}","templated":true}]}}